{"id":276,"date":"2024-03-17T01:53:48","date_gmt":"2024-03-16T22:53:48","guid":{"rendered":"https:\/\/kesikkalem.com\/?page_id=276"},"modified":"2024-03-24T02:05:16","modified_gmt":"2024-03-23T23:05:16","slug":"dergi-incelemeleri","status":"publish","type":"page","link":"https:\/\/kesikkalem.com\/index.php\/dergi-incelemeleri\/","title":{"rendered":"Dergi \u0130ncelemeleri"},"content":{"rendered":"\n<p><strong>Dergilerden se\u00e7meler ba\u015fl\u0131\u011f\u0131 alt\u0131nda \u00e7e\u015fitli yaz\u0131lar\u0131n \u00e7evirileri yer alacakt\u0131r. Bunlar\u0131 yine ifade edeyim, amat\u00f6r u\u011fra\u015f ve makine \u00e7evrisinin d\u00fczenlenmi\u015f haliyle (iyi veya k\u00f6t\u00fc ama bence yine ge\u00e7er not al\u0131r diye d\u00fc\u015f\u00fcn\u00fcyorum) sunuyorum.&nbsp;<\/strong><\/p>\n\n\n\n<p><\/p>\n\n\n\n<div class=\"wp-block-group\"><div class=\"wp-block-group__inner-container is-layout-constrained wp-block-group-is-layout-constrained\">\n<figure class=\"wp-block-gallery has-nested-images columns-default is-cropped wp-block-gallery-1 is-layout-flex wp-block-gallery-is-layout-flex\">\n<figure class=\"wp-block-image size-large\"><a href=\"https:\/\/kesikkalem.com\/index.php\/2024\/01\/05\/dergilerden-secmeler\/\" target=\"_blank\" rel=\"noreferrer noopener\"><img loading=\"lazy\" decoding=\"async\" width=\"364\" height=\"469\" src=\"https:\/\/kesikkalem.com\/wp-content\/uploads\/2024\/03\/illus-1.jpg\" alt=\"\" class=\"wp-image-373\" srcset=\"https:\/\/kesikkalem.com\/wp-content\/uploads\/2024\/03\/illus-1.jpg 364w, https:\/\/kesikkalem.com\/wp-content\/uploads\/2024\/03\/illus-1-233x300.jpg 233w\" sizes=\"(max-width: 364px) 100vw, 364px\" \/><\/a><\/figure>\n\n\n\n<figure class=\"wp-block-image size-large\"><a href=\"https:\/\/kesikkalem.com\/index.php\/2022\/12\/10\/skeptic-magazine-volume-27-number-4\/\" target=\"_blank\" rel=\"noreferrer noopener\"><img loading=\"lazy\" decoding=\"async\" width=\"349\" height=\"454\" src=\"https:\/\/kesikkalem.com\/wp-content\/uploads\/2024\/03\/skeptic-magazine-vol27.jpg\" alt=\"\" class=\"wp-image-376\" srcset=\"https:\/\/kesikkalem.com\/wp-content\/uploads\/2024\/03\/skeptic-magazine-vol27.jpg 349w, https:\/\/kesikkalem.com\/wp-content\/uploads\/2024\/03\/skeptic-magazine-vol27-231x300.jpg 231w\" sizes=\"(max-width: 349px) 100vw, 349px\" \/><\/a><\/figure>\n\n\n\n<figure class=\"wp-block-image size-large\"><a href=\"https:\/\/kesikkalem.com\/index.php\/2022\/12\/25\/barrons-december-26-2022\/\" target=\"_blank\" rel=\"noreferrer noopener\"><img loading=\"lazy\" decoding=\"async\" width=\"449\" height=\"599\" src=\"https:\/\/kesikkalem.com\/wp-content\/uploads\/2024\/03\/barronsdecember262022.jpg\" alt=\"\" class=\"wp-image-378\" srcset=\"https:\/\/kesikkalem.com\/wp-content\/uploads\/2024\/03\/barronsdecember262022.jpg 449w, https:\/\/kesikkalem.com\/wp-content\/uploads\/2024\/03\/barronsdecember262022-225x300.jpg 225w\" sizes=\"(max-width: 449px) 100vw, 449px\" \/><\/a><figcaption class=\"wp-element-caption\">downmagaz.net<\/figcaption><\/figure>\n\n\n\n<figure class=\"wp-block-image size-large\"><a href=\"https:\/\/kesikkalem.com\/index.php\/2022\/12\/10\/beijing-review-december-1-2022\/\" target=\"_blank\" rel=\"noreferrer noopener\"><img loading=\"lazy\" decoding=\"async\" width=\"364\" height=\"486\" src=\"https:\/\/kesikkalem.com\/wp-content\/uploads\/2024\/03\/beijing-review-12_1_2022.jpg\" alt=\"\" class=\"wp-image-375\" srcset=\"https:\/\/kesikkalem.com\/wp-content\/uploads\/2024\/03\/beijing-review-12_1_2022.jpg 364w, https:\/\/kesikkalem.com\/wp-content\/uploads\/2024\/03\/beijing-review-12_1_2022-225x300.jpg 225w\" sizes=\"(max-width: 364px) 100vw, 364px\" \/><\/a><figcaption class=\"wp-element-caption\">downmagaz.net<\/figcaption><\/figure>\n\n\n\n<figure class=\"wp-block-image size-large\"><a href=\"https:\/\/kesikkalem.com\/index.php\/2022\/12\/10\/beijing-review-december-1-2022-2\/\" target=\"_blank\" rel=\"noreferrer noopener\"><img loading=\"lazy\" decoding=\"async\" width=\"371\" height=\"495\" src=\"https:\/\/kesikkalem.com\/wp-content\/uploads\/2024\/03\/beijing-review-12_1_2022-2.jpg\" alt=\"\" class=\"wp-image-374\" srcset=\"https:\/\/kesikkalem.com\/wp-content\/uploads\/2024\/03\/beijing-review-12_1_2022-2.jpg 371w, https:\/\/kesikkalem.com\/wp-content\/uploads\/2024\/03\/beijing-review-12_1_2022-2-225x300.jpg 225w\" sizes=\"(max-width: 371px) 100vw, 371px\" \/><\/a><figcaption class=\"wp-element-caption\">downmagaz.net<\/figcaption><\/figure>\n\n\n\n<figure class=\"wp-block-image size-large\"><a href=\"https:\/\/kesikkalem.com\/index.php\/2022\/12\/14\/what-doctors-dont-tell-you-aralik-ocak-2023\/\" target=\"_blank\" rel=\"noreferrer noopener\"><img loading=\"lazy\" decoding=\"async\" width=\"367\" height=\"481\" src=\"https:\/\/kesikkalem.com\/wp-content\/uploads\/2024\/03\/What-Doctors-Dont-Tell-You-AU-NZ-12.01-2023_-0001.jpg\" alt=\"\" class=\"wp-image-379\" srcset=\"https:\/\/kesikkalem.com\/wp-content\/uploads\/2024\/03\/What-Doctors-Dont-Tell-You-AU-NZ-12.01-2023_-0001.jpg 367w, https:\/\/kesikkalem.com\/wp-content\/uploads\/2024\/03\/What-Doctors-Dont-Tell-You-AU-NZ-12.01-2023_-0001-229x300.jpg 229w\" sizes=\"(max-width: 367px) 100vw, 367px\" \/><\/a><\/figure>\n<\/figure>\n<\/div><\/div>\n\n\n\n<p><\/p>\n\n\n\n<figure class=\"wp-block-gallery has-nested-images columns-default is-cropped wp-block-gallery-2 is-layout-flex wp-block-gallery-is-layout-flex\">\n<figure class=\"wp-block-image size-large\"><a href=\"https:\/\/kesikkalem.com\/index.php\/2024\/03\/20\/bloomberg-businessweek-us-february-20\/\"><img loading=\"lazy\" decoding=\"async\" width=\"419\" height=\"559\" data-id=\"476\" src=\"https:\/\/kesikkalem.com\/wp-content\/uploads\/2024\/03\/bloomberg-businessweek-02_20_2023.jpg\" alt=\"\" class=\"wp-image-476\" srcset=\"https:\/\/kesikkalem.com\/wp-content\/uploads\/2024\/03\/bloomberg-businessweek-02_20_2023.jpg 419w, https:\/\/kesikkalem.com\/wp-content\/uploads\/2024\/03\/bloomberg-businessweek-02_20_2023-225x300.jpg 225w\" sizes=\"(max-width: 419px) 100vw, 419px\" \/><\/a><figcaption class=\"wp-element-caption\">downmagaz.net<\/figcaption><\/figure>\n\n\n\n<figure class=\"wp-block-image size-large\"><a href=\"https:\/\/kesikkalem.com\/index.php\/2024\/03\/20\/newsweek-usa-09-30-2022\/\"><img loading=\"lazy\" decoding=\"async\" width=\"600\" height=\"800\" data-id=\"477\" src=\"https:\/\/kesikkalem.com\/wp-content\/uploads\/2024\/03\/newsweek-usa-09_30_2022.jpg\" alt=\"\" class=\"wp-image-477\" srcset=\"https:\/\/kesikkalem.com\/wp-content\/uploads\/2024\/03\/newsweek-usa-09_30_2022.jpg 600w, https:\/\/kesikkalem.com\/wp-content\/uploads\/2024\/03\/newsweek-usa-09_30_2022-225x300.jpg 225w\" sizes=\"(max-width: 600px) 100vw, 600px\" \/><\/a><figcaption class=\"wp-element-caption\">downmagaz.net<\/figcaption><\/figure>\n\n\n\n<figure class=\"wp-block-image size-large\"><a href=\"https:\/\/kesikkalem.com\/index.php\/2022\/12\/23\/what-doctors-dont-tell-you-jan-2023\/\"><img loading=\"lazy\" decoding=\"async\" width=\"362\" height=\"477\" data-id=\"478\" src=\"https:\/\/kesikkalem.com\/wp-content\/uploads\/2024\/03\/what-doctors-dont-tell-you-magazine-2-january-2023-cover-1-1.jpg\" alt=\"\" class=\"wp-image-478\" srcset=\"https:\/\/kesikkalem.com\/wp-content\/uploads\/2024\/03\/what-doctors-dont-tell-you-magazine-2-january-2023-cover-1-1.jpg 362w, https:\/\/kesikkalem.com\/wp-content\/uploads\/2024\/03\/what-doctors-dont-tell-you-magazine-2-january-2023-cover-1-1-228x300.jpg 228w\" sizes=\"(max-width: 362px) 100vw, 362px\" \/><\/a><\/figure>\n<\/figure>\n\n\n\n<figure class=\"wp-block-image size-large is-resized\"><a href=\"https:\/\/kesikkalem.com\/index.php\/2024\/03\/24\/bloomberg-businessweek-march-25-2024\/\"><img loading=\"lazy\" decoding=\"async\" width=\"768\" height=\"1024\" src=\"https:\/\/kesikkalem.com\/wp-content\/uploads\/2024\/03\/blommmm-2-768x1024.jpg\" alt=\"\" class=\"wp-image-519\" style=\"width:379px;height:auto\" srcset=\"https:\/\/kesikkalem.com\/wp-content\/uploads\/2024\/03\/blommmm-2-768x1024.jpg 768w, https:\/\/kesikkalem.com\/wp-content\/uploads\/2024\/03\/blommmm-2-225x300.jpg 225w, https:\/\/kesikkalem.com\/wp-content\/uploads\/2024\/03\/blommmm-2-1152x1536.jpg 1152w, https:\/\/kesikkalem.com\/wp-content\/uploads\/2024\/03\/blommmm-2.jpg 1200w\" sizes=\"(max-width: 768px) 100vw, 768px\" \/><\/a><\/figure>\n","protected":false},"excerpt":{"rendered":"<p>Dergilerden se\u00e7meler ba\u015fl\u0131\u011f\u0131 alt\u0131nda \u00e7e\u015fitli yaz\u0131lar\u0131n \u00e7evirileri yer alacakt\u0131r. Bunlar\u0131 yine ifade edeyim, amat\u00f6r u\u011fra\u015f ve makine \u00e7evrisinin d\u00fczenlenmi\u015f haliyle (iyi veya k\u00f6t\u00fc ama bence yine ge\u00e7er not al\u0131r diye d\u00fc\u015f\u00fcn\u00fcyorum) sunuyorum.&nbsp;<\/p>\n","protected":false},"author":1,"featured_media":0,"parent":0,"menu_order":0,"comment_status":"closed","ping_status":"closed","template":"","meta":{"om_disable_all_campaigns":false,"_monsterinsights_skip_tracking":false,"_monsterinsights_sitenote_active":false,"_monsterinsights_sitenote_note":"","_monsterinsights_sitenote_category":0,"_uf_show_specific_survey":0,"_uf_disable_surveys":false,"neve_meta_sidebar":"","neve_meta_container":"","neve_meta_enable_content_width":"","neve_meta_content_width":0,"neve_meta_title_alignment":"","neve_meta_author_avatar":"","neve_post_elements_order":"","neve_meta_disable_header":"","neve_meta_disable_footer":"","neve_meta_disable_title":"","_ti_tpc_template_sync":false,"_ti_tpc_template_id":"","footnotes":""},"aioseo_notices":[],"_links":{"self":[{"href":"https:\/\/kesikkalem.com\/index.php\/wp-json\/wp\/v2\/pages\/276"}],"collection":[{"href":"https:\/\/kesikkalem.com\/index.php\/wp-json\/wp\/v2\/pages"}],"about":[{"href":"https:\/\/kesikkalem.com\/index.php\/wp-json\/wp\/v2\/types\/page"}],"author":[{"embeddable":true,"href":"https:\/\/kesikkalem.com\/index.php\/wp-json\/wp\/v2\/users\/1"}],"replies":[{"embeddable":true,"href":"https:\/\/kesikkalem.com\/index.php\/wp-json\/wp\/v2\/comments?post=276"}],"version-history":[{"count":7,"href":"https:\/\/kesikkalem.com\/index.php\/wp-json\/wp\/v2\/pages\/276\/revisions"}],"predecessor-version":[{"id":520,"href":"https:\/\/kesikkalem.com\/index.php\/wp-json\/wp\/v2\/pages\/276\/revisions\/520"}],"wp:attachment":[{"href":"https:\/\/kesikkalem.com\/index.php\/wp-json\/wp\/v2\/media?parent=276"}],"curies":[{"name":"wp","href":"https:\/\/api.w.org\/{rel}","templated":true}]}}